{"id":703,"date":"2020-04-04T13:21:57","date_gmt":"2020-04-04T11:21:57","guid":{"rendered":"http:\/\/parafiajeziorany.pl\/?page_id=703"},"modified":"2020-04-04T15:28:15","modified_gmt":"2020-04-04T13:28:15","slug":"blogoslawienstwo-pokarmow","status":"publish","type":"page","link":"http:\/\/parafiajeziorany.pl\/?page_id=703","title":{"rendered":"B\u0142ogos\u0142awie\u0144stwo pokarm\u00f3w"},"content":{"rendered":"\n<div class=\"wp-block-file\"><a href=\"http:\/\/parafiajeziorany.pl\/wp-content\/uploads\/2020\/04\/B\u0142ogos\u0142awie\u0144stwo-sto\u0142u-wielkanocnego.pdf\">B\u0142ogos\u0142awie\u0144stwo-sto\u0142u-wielkanocnego<\/a><a href=\"http:\/\/parafiajeziorany.pl\/wp-content\/uploads\/2020\/04\/B\u0142ogos\u0142awie\u0144stwo-sto\u0142u-wielkanocnego.pdf\" class=\"wp-block-file__button\" download>Pobierz<\/a><\/div>\n\n\n\n<p><\/p>\n","protected":false},"excerpt":{"rendered":"","protected":false},"author":2,"featured_media":0,"parent":0,"menu_order":0,"comment_status":"closed","ping_status":"closed","template":"","meta":{"footnotes":""},"class_list":["post-703","page","type-page","status-publish","hentry"],"_links":{"self":[{"href":"http:\/\/parafiajeziorany.pl\/index.php?rest_route=\/wp\/v2\/pages\/703","targetHints":{"allow":["GET"]}}],"collection":[{"href":"http:\/\/parafiajeziorany.pl\/index.php?rest_route=\/wp\/v2\/pages"}],"about":[{"href":"http:\/\/parafiajeziorany.pl\/index.php?rest_route=\/wp\/v2\/types\/page"}],"author":[{"embeddable":true,"href":"http:\/\/parafiajeziorany.pl\/index.php?rest_route=\/wp\/v2\/users\/2"}],"replies":[{"embeddable":true,"href":"http:\/\/parafiajeziorany.pl\/index.php?rest_route=%2Fwp%2Fv2%2Fcomments&post=703"}],"version-history":[{"count":3,"href":"http:\/\/parafiajeziorany.pl\/index.php?rest_route=\/wp\/v2\/pages\/703\/revisions"}],"predecessor-version":[{"id":713,"href":"http:\/\/parafiajeziorany.pl\/index.php?rest_route=\/wp\/v2\/pages\/703\/revisions\/713"}],"wp:attachment":[{"href":"http:\/\/parafiajeziorany.pl\/index.php?rest_route=%2Fwp%2Fv2%2Fmedia&parent=703"}],"curies":[{"name":"wp","href":"https:\/\/api.w.org\/{rel}","templated":true}]}}